- o**3 - 10*o**2 - 3 + 21*o - 10. What are the prime factors of h(-9)?
2, 61
Suppose -y - 5*r + 1254 = 0, 4*r + 916 - 3394 = -2*y. What are the prime factors of y?
1229
Suppose z + 40 = -16. Let n = z - -75. What are the prime factors of n?
19
Let a(i) = -3*i**3 + 14*i**2 + 30*i - 17. Let n(f) = -16*f**3 + 71*f**2 + 149*f - 84. Let q(b) = 11*a(b) - 2*n(b). List the prime factors of q(14).
37
Suppose -28*u = -27*u + 135. Let a = -44 - u. What are the prime factors of a?
7, 13
Let p(u) = -9*u + 33. Let z be p(14). Let c = z - -174. List the prime factors of c.
3
Let o be (0 + -49 + 3)/2. Let i be o/2*(4 - 8). Let r = 65 - i. List the prime factors of r.
19
Suppose -3*p - 5*c - 3 + 5 = 0, 3*c + 26 = 5*p. Suppose -6*n + p = -4*n. List the prime factors of ((0 - 1) + n)*7.
7
Let j(x) = -2*x**2 + 74*x + 57. What are the prime factors of j(37)?
3, 19
Suppose 0 = -5*i - 5*h - 845, -2*i = -7*i - h - 853. Let z = -64 - i. Let r = 155 - z. List the prime factors of r.
2, 3
Suppose 3*g + 3*f - 249 = 0, -4*f - 30 = -42. Let z = 53 + -102. Let y = g + z. List the prime factors of y.
31
Let l(b) = -15*b**3 - 6*b**2 - 7*b - 4. What are the prime factors of l(-3)?
2, 23
What are the prime factors of 4/20*10/(-2)*-611?
13, 47
Let h(y) be the third derivative of -y**4/4 - 3*y**3/2 + 9*y**2. What are the prime factors of h(-17)?
3, 31
Let y = 14 - 11. Suppose 95 = y*x + b, 5*x = 3*b - 65 + 200. List the prime factors of x.
2, 3, 5
Let k = -1624 - -2908. List the prime factors of k.
2, 3, 107
Let n(v) = v**3 + 11*v**2 - 3*v - 12. Let c be n(-11). List the prime factors of c*((-35)/(-15) - 0).
7
Suppose -4*j + 14 - 6 = 0. Let f = 4 - j. Suppose 4*o - 132 = l, -2*o + 66 = -3*l + f*l. List the prime factors of o.
3, 11
Let f be (-5)/(5/(-71)) - 4. Let q = f - 22. Let w = -24 + q. List the prime factors of w.
3, 7
Suppose 49*d = 56*d - 21161. List the prime factors of d.
3023
Let a(h) = h**3 - 11*h**2 - 14*h - 2. Let d be a(12). What are the prime factors of (d/5)/((-18)/45)?
13
Let q(s) = -578*s + 455. What are the prime factors of q(-5)?
3, 5, 223
Let z = 35 - 33. Let r = 6 + z. What are the prime factors of r?
2
Suppose 5*f + 13 = 4*z, -4*f - 16 = -4*z - 0. List the prime factors of 1*-1 - (z + -15).
7
List the prime factors of (-2)/((12/8)/(18627/(-28))).
887
Let c = 29 - 9. What are the prime factors of (-5)/(c/12) - -74?
71
Suppose -6*c = -4*c + 70. Let a = 31 - c. List the prime factors of a.
2, 3, 11
Suppose -3*h - 2 = -2*r, 2*h - 4*r - 12 = -0*h. List the prime factors of 22/h*(-270)/9.
3, 5, 11
Let d be 17/2*320/(4 - 0). Suppose -3*t - 3*s - 230 = -4*t, 3*t - d = 4*s. List the prime factors of t.
2, 7
Let n be (3/2)/((-15)/80). List the prime factors of (-15)/40 + (-99)/n.
2, 3
Suppose 1 = -2*q - 3*s + 6, 2*s + 2 = -4*q. What are the prime factors of (-680)/(-24) + (-3)/(-18)*q?
2, 7
Suppose -b + 2 + 1 = 0. Suppose 0 - 2 = 2*c, b*u = -3*c + 60. List the prime factors of u.
3, 7
What are the prime factors of (-1 - 1)*(-12)/8 + 630?
3, 211
Let o(w) = w**2 - 4*w - 6. Let u be o(5). Let t(d) be the second derivative of d**4 + d**3/6 + 33*d. What are the prime factors of t(u)?
11
Suppose 10*z + 14 = 3*z. Let h be (-3)/z*220/5. Suppose h = 2*d - 32. What are the prime factors of d?
7
Let m(c) = 17*c - 12. Suppose 0 = 3*n + 5*s + 11, -2*s = -4*n + 5 + 15. What are the prime factors of m(n)?
3, 13
Suppose -29 = f - 49. List the prime factors of (f/12)/((-3)/(-162)).
2, 3, 5
Let n be 328/(-18) + 30/135. Let j = n - -112. What are the prime factors of j?
2, 47
List the prime factors of 5 - (-837 - (-12)/2) - 1.
5, 167
Let i(j) = -j. Let v(n) = 30*n - 9. Let a(k) = -66*i(k) - 2*v(k). What are the prime factors of a(9)?
2, 3
Suppose -4*m = m - 8775. Let p = -36 - -26. List the prime factors of m/75 - (-4)/p.
23
Let b(j) = -21 + 25*j + 39 - 23. Let d be 2*2*(-2)/(-4). What are the prime factors of b(d)?
3, 5
List the prime factors of (4074/(-147))/((-3)/(-7))*-6.
2, 97
Let u(g) = 784*g + 4. List the prime factors of u(1).
2, 197
Let d be (1 - 4) + 3 - 12. What are the prime factors of ((-315)/(-60))/((-1)/d)?
3, 7
Suppose 0 = 5*a - 4 + 74. Let z(h) = -h**2 - 20*h - 14. Let x be z(a). Let t = x - 16. What are the prime factors of t?
2, 3
Suppose 0 = 22*f - 27*f + 3825. List the prime factors of f.
3, 5, 17
Let f(c) be the second derivative of c**4/24 + 3*c**3/2 + 9*c**2/2 + 2*c. Let o(x) be the first derivative of f(x). List the prime factors of o(-7).
2
Let b = 1217 - 690. What are the prime factors of b?
17, 31
Suppose 6*o + 7*g - 8*g = 25122, -4*o = -5*g - 16748. What are the prime factors of o?
53, 79
Let o(x) = x**3 - 6*x**2 + 3*x - 18. Let q be o(6). Suppose q = 3*v + 7*v - 2850. What are the prime factors of v?
3, 5, 19
Let r = -60 + 67. Suppose r*s - 8*s - 2*i + 33 = 0, -126 = -4*s - 5*i. List the prime factors of s.
29
Let x be (-58)/(-8) + (-15)/(-20). Suppose -5*s + x = -s. Suppose t = 4 + s. What are the prime factors of t?
2, 3
Suppose 2*r = 4*j + 12, 5*r + 0*j - 18 = -2*j. Let i = 8 - r. Suppose -2*y = 4*f - 14, 3*y + i*f = 9 + 16. What are the prime factors of y?
11
Let o(w) = 2*w - 14. Let a be o(10). Suppose -a*z - 71 = -593. Suppose -3*u - z = -6*u - 5*p, 3*u - 87 = 5*p. What are the prime factors of u?
29
Suppose 0 = 711*h - 707*h - 11200. List the prime factors of h.
2, 5, 7
Let n(m) = m**3 - 5*m**2 + m + 7. Let r be n(4). Let y be 2 - 5/(r/(-11)). Let s(h) = -3*h + 13. What are the prime factors of s(y)?
2, 5
Suppose -14*z = -19*z + 135. Let w = z - -27. List the prime factors of w.
2, 3
List the prime factors of 0 + 721 + -9 + 1*-3.
709
Suppose -73 - 111 = -4*b. Let l = 28 - 54. Let y = b + l. List the prime factors of y.
2, 5
Let v be 1/((-1)/((-20)/4)). Suppose -v*r + 60 = -240. What are the prime factors of (-104)/10*r/(-24)?
2, 13
Let a(u) = 74*u**3 - 10*u**2 - 8*u + 2. What are the prime factors of a(4)?
2, 2273
Suppose 0 = -5*o + 2*o + 78. Let w = o - 15. Suppose 195 - w = 4*r. List the prime factors of r.
2, 23
Suppose -4*b + 18*b + 182 = 0. Let l = 37 + -19. Let j = b + l. List the prime factors of j.
5
Suppose -84*r - 108 = -p - 89*r, 2*p + r = 252. List the prime factors of p.
2
Suppose 0 = 5*m + 2*r + 40, 4*m = 7*r - 2*r - 32. Let z(b) = -21*b. Let u be z(m). Suppose -5*n + 4*l = -222, u = 4*n + l + 3. What are the prime factors of n?
2, 3, 7
Suppose 0 = 5*l - 2*l - 4*f - 1608, -l + 544 = -4*f. List the prime factors of l.
2, 7, 19
Let u = 3228 - 1102. What are the prime factors of u?
2, 1063
Let r(u) = 2*u**3 - 27*u**2 + 3*u + 24. What are the prime factors of r(16)?
2, 13
Let f(y) = -102*y + 116. List the prime factors of f(-26).
2, 173
Suppose -g - g + 4 = 0. What are the prime factors of 112/40 - g/(-10)?
3
What are the prime factors of (-1)/(-4) + (-1709414)/(-392)?
7, 89
What are the prime factors of 50511*(-1)/(-12) + 42/24?
4211
Suppose 0*d = -3*u + 5*d + 1878, -d - 3152 = -5*u. List the prime factors of u.
631
Suppose -22*y + 11830 = 13*y. What are the prime factors of y?
2, 13
Let r = 63 + -173. Let t = r + 208. What are the prime factors of t?
2, 7
Let r(c) = -20*c + 52. Let j(o) = 3*o - 8. Suppose -2*u + 10 = -4*u. Let f(b) = u*r(b) - 32*j(b). What are the prime factors of f(15)?
2, 7
Let z be 2/(-7) + 10/(-14). What are the prime factors of (1 + z + -1)*(-26 + -3)?
29
Let h(a) = 2*a**3 - 32*a**2 - 47*a - 76. List the prime factors of h(22).
2, 3, 29
Let v(q) = 2*q**2 - 3*q - 3. Let x be v(5). List the prime factors of (-75)/(-10)*x/12.
2, 5
Let v = 3023 - 1136. What are the prime factors of v?
3, 17, 37
Let z(m) = 3*m - 12. Let x be z(5). Let p be (-7)/x*(-12)/(-2). Let j = p - -16. What are the prime factors of j?
2
Suppose -78*f - 7377 = -81*f. What are the prime factors of f?
2459
List the prime factors of ((7 - 1) + -6 - -4) + 226.
2, 5, 23
Let t be (2 + 25)/(-4 + (-76)/(-16)). Let j = 38 - t. List the prime factors of j.
2
What are the prime factors of (-240)/1040 + (-23585)/(-13)?
2, 907
Suppose -1 + 0 = -l, -2*l - 6 = -2*m. Suppose -m*y + 18 = -5*a, 5*a = -4*y - 4 + 2. Let j = y - -35. List the prime factors of j.
37
Suppose -77 - 23 = 2*w. Let q = w + 270. List the prime factors of q.
2, 5, 11
List the prime factors of 6 - ((10 - 13) + -2078 + -3).
2, 5, 11, 19
Let o = 110 - 51. Suppose 3*a + 3*u - 16 - o = 0, a -